{"id":246,"date":"2025-08-20T08:27:54","date_gmt":"2025-08-20T11:27:54","guid":{"rendered":"https:\/\/academiatronica.com\/?post_type=product&#038;p=246"},"modified":"2025-10-24T10:34:17","modified_gmt":"2025-10-24T13:34:17","slug":"curso-iphone-y-multimarcas","status":"publish","type":"product","link":"https:\/\/academiatronica.com\/index.php\/producto\/curso-iphone-y-multimarcas\/","title":{"rendered":"Curso Iphone y Multimarcas"},"content":{"rendered":"<p>El curso de reparaci\u00f3n celular m\u00e1s completo de la regi\u00f3n.<\/p>\n<p>Abarca lo que es reemplazo de componentes.<\/p>\n<p>Soldaduras smd, m\u00f3dulos, bater\u00edas.. en Iphone los m\u00f3dulos se reemplazan con reballing y las bater\u00edas con programaci\u00f3n. Abarca hasta el iPhone 15. Se solicita traer equipos para reparar.<\/p>\n<p>Comienza Mi\u00e9rcoles 17\/09\/25. Se cursa d\u00edas Mi\u00e9rcoles y Jueves de 18 a 1950hs.<\/p>\n<p>14 encuentros en total.<\/p>\n<p>No trabajamos por cupo m\u00ednimo. Comienza el 17\/09 as\u00ed concurra uno solo.<\/p>\n<p>Solamente el cupo es m\u00e1ximo de 6 personas.<\/p>\n<p>&nbsp;<\/p>\n<p>Valor: 430 mil Contado \/ Transferencia.\u00a0 Para 2 asistentes<\/p>\n<p>Si vas sol@ te queda en 250 mil final.<\/p>\n<p>PROMOCI\u00d3N EXCLUSIVA HASTA EL 05\/09<\/p>\n<p>&nbsp;<\/p>\n<p>Promo especial. El valor regular es 335 mil el de iPhone y 253 mil el de multimarcas.<\/p>\n<p>&nbsp;<\/p>\n<p>&nbsp;<\/p>\n<p>Segu\u00eds pensando que vas a aprender pagando una cuota de 50 mil por mes?<\/p>\n<p>Estamos en JP L\u00f3pez 2351, Santa fe. ( No funcionamos como local al p\u00fablico, si vas a pasar favor de coordinar por este medio)<\/p>\n<p>3425052068<\/p>\n<p>&nbsp;<\/p>\n<p>Academia Tr\u00f3nica &#8211; Rumbo a las 1000 personas capacitadas en Santa Fe y Entre R\u00edos.<\/p>\n","protected":false},"excerpt":{"rendered":"<p>Curso de reparaci\u00f3n celular completo.<\/p>\n<p>Iphone y multimarcas<\/p>\n","protected":false},"featured_media":247,"template":"","meta":{"site-sidebar-layout":"default","site-content-layout":"","ast-site-content-layout":"default","site-content-style":"default","site-sidebar-style":"default","ast-global-header-display":"","ast-banner-title-visibility":"","ast-main-header-display":"","ast-hfb-above-header-display":"","ast-hfb-below-header-display":"","ast-hfb-mobile-header-display":"","site-post-title":"","ast-breadcrumbs-content":"","ast-featured-img":"","footer-sml-layout":"","theme-transparent-header-meta":"default","adv-header-id-meta":"","stick-header-meta":"","header-above-stick-meta":"","header-main-stick-meta":"","header-below-stick-meta":"","astra-migrate-meta-layouts":"set","ast-page-background-enabled":"default","ast-page-background-meta":{"desktop":{"background-color":"var(--ast-global-color-5)","background-image":"","background-repeat":"repeat","background-position":"center center","background-size":"auto","background-attachment":"scroll","background-type":"","background-media":"","overlay-type":"","overlay-color":"","overlay-opacity":"","overlay-gradient":""},"tablet":{"background-color":"","background-image":"","background-repeat":"repeat","background-position":"center center","background-size":"auto","background-attachment":"scroll","background-type":"","background-media":"","overlay-type":"","overlay-color":"","overlay-opacity":"","overlay-gradient":""},"mobile":{"background-color":"","background-image":"","background-repeat":"repeat","background-position":"center center","background-size":"auto","background-attachment":"scroll","background-type":"","background-media":"","overlay-type":"","overlay-color":"","overlay-opacity":"","overlay-gradient":""}},"ast-content-background-meta":{"desktop":{"background-color":"var(--ast-global-color-4)","background-image":"","background-repeat":"repeat","background-position":"center center","background-size":"auto","background-attachment":"scroll","background-type":"","background-media":"","overlay-type":"","overlay-color":"","overlay-opacity":"","overlay-gradient":""},"tablet":{"background-color":"var(--ast-global-color-4)","background-image":"","background-repeat":"repeat","background-position":"center center","background-size":"auto","background-attachment":"scroll","background-type":"","background-media":"","overlay-type":"","overlay-color":"","overlay-opacity":"","overlay-gradient":""},"mobile":{"background-color":"var(--ast-global-color-4)","background-image":"","background-repeat":"repeat","background-position":"center center","background-size":"auto","background-attachment":"scroll","background-type":"","background-media":"","overlay-type":"","overlay-color":"","overlay-opacity":"","overlay-gradient":""}},"_joinchat":[]},"product_brand":[],"product_cat":[20],"product_tag":[],"class_list":{"0":"post-246","1":"product","2":"type-product","3":"status-publish","4":"has-post-thumbnail","6":"product_cat-sfe","7":"desktop-align-left","8":"tablet-align-left","9":"mobile-align-left","11":"first","12":"outofstock","13":"sale","14":"shipping-taxable","15":"purchasable","16":"product-type-simple"},"_links":{"self":[{"href":"https:\/\/academiatronica.com\/index.php\/wp-json\/wp\/v2\/product\/246","targetHints":{"allow":["GET"]}}],"collection":[{"href":"https:\/\/academiatronica.com\/index.php\/wp-json\/wp\/v2\/product"}],"about":[{"href":"https:\/\/academiatronica.com\/index.php\/wp-json\/wp\/v2\/types\/product"}],"wp:featuredmedia":[{"embeddable":true,"href":"https:\/\/academiatronica.com\/index.php\/wp-json\/wp\/v2\/media\/247"}],"wp:attachment":[{"href":"https:\/\/academiatronica.com\/index.php\/wp-json\/wp\/v2\/media?parent=246"}],"wp:term":[{"taxonomy":"product_brand","embeddable":true,"href":"https:\/\/academiatronica.com\/index.php\/wp-json\/wp\/v2\/product_brand?post=246"},{"taxonomy":"product_cat","embeddable":true,"href":"https:\/\/academiatronica.com\/index.php\/wp-json\/wp\/v2\/product_cat?post=246"},{"taxonomy":"product_tag","embeddable":true,"href":"https:\/\/academiatronica.com\/index.php\/wp-json\/wp\/v2\/product_tag?post=246"}],"curies":[{"name":"wp","href":"https:\/\/api.w.org\/{rel}","templated":true}]}}