{"id":459,"date":"2026-04-30T19:07:55","date_gmt":"2026-04-30T22:07:55","guid":{"rendered":"https:\/\/academiatronica.com\/?post_type=product&#038;p=459"},"modified":"2026-04-30T19:14:38","modified_gmt":"2026-04-30T22:14:38","slug":"exclusivo-iphone-en-santa-fe","status":"publish","type":"product","link":"https:\/\/academiatronica.com\/index.php\/producto\/exclusivo-iphone-en-santa-fe\/","title":{"rendered":"Exclusivo iPhone en Santa Fe"},"content":{"rendered":"<p>Si haces reparaciones tambi\u00e9n necesitas reparar iPhone.<\/p>\n<p>Curso exclusivo iPhone en Santa fe.<br \/>\nComienza mi\u00e9rcoles 13\/05.<\/p>\n<p>Se cursa solo d\u00edas mi\u00e9rcoles de 20 a 22hs.<br \/>\n8 clases en total.<\/p>\n<p>Apertura.. reemplazo de m\u00f3dulos con programaci\u00f3n y reballing. Reemplazo de bater\u00edas con programaci\u00f3n. Reemplazo de tapas.<\/p>\n<p>Valor: 371 mil pesos.<br \/>\nPromo hasta el 02\/05 ten\u00e9s 6 pagos sin inter\u00e9s visa o Master.<br \/>\nO abonando contado\/ transferencia te queda en 261 mil pesos.<\/p>\n<p>Atenci\u00f3n con las promos porque aumenta semana a semana.<\/p>\n<p>Trabajamos con grupo reducido<\/p>\n<p>Se dicta en jp L\u00f3pez 2351. Santa fe.<br \/>\nNo funcionamos como local al p\u00fablico. Si vas a pasar favor de coordinar<\/p>\n","protected":false},"excerpt":{"rendered":"<p>Curso reparaci\u00f3n de iPhone en Santa Fe<\/p>\n","protected":false},"featured_media":460,"template":"","meta":{"site-sidebar-layout":"default","site-content-layout":"","ast-site-content-layout":"default","site-content-style":"default","site-sidebar-style":"default","ast-global-header-display":"","ast-banner-title-visibility":"","ast-main-header-display":"","ast-hfb-above-header-display":"","ast-hfb-below-header-display":"","ast-hfb-mobile-header-display":"","site-post-title":"","ast-breadcrumbs-content":"","ast-featured-img":"","footer-sml-layout":"","theme-transparent-header-meta":"default","adv-header-id-meta":"","stick-header-meta":"","header-above-stick-meta":"","header-main-stick-meta":"","header-below-stick-meta":"","astra-migrate-meta-layouts":"set","ast-page-background-enabled":"default","ast-page-background-meta":{"desktop":{"background-color":"var(--ast-global-color-5)","background-image":"","background-repeat":"repeat","background-position":"center center","background-size":"auto","background-attachment":"scroll","background-type":"","background-media":"","overlay-type":"","overlay-color":"","overlay-opacity":"","overlay-gradient":""},"tablet":{"background-color":"","background-image":"","background-repeat":"repeat","background-position":"center center","background-size":"auto","background-attachment":"scroll","background-type":"","background-media":"","overlay-type":"","overlay-color":"","overlay-opacity":"","overlay-gradient":""},"mobile":{"background-color":"","background-image":"","background-repeat":"repeat","background-position":"center center","background-size":"auto","background-attachment":"scroll","background-type":"","background-media":"","overlay-type":"","overlay-color":"","overlay-opacity":"","overlay-gradient":""}},"ast-content-background-meta":{"desktop":{"background-color":"var(--ast-global-color-4)","background-image":"","background-repeat":"repeat","background-position":"center center","background-size":"auto","background-attachment":"scroll","background-type":"","background-media":"","overlay-type":"","overlay-color":"","overlay-opacity":"","overlay-gradient":""},"tablet":{"background-color":"var(--ast-global-color-4)","background-image":"","background-repeat":"repeat","background-position":"center center","background-size":"auto","background-attachment":"scroll","background-type":"","background-media":"","overlay-type":"","overlay-color":"","overlay-opacity":"","overlay-gradient":""},"mobile":{"background-color":"var(--ast-global-color-4)","background-image":"","background-repeat":"repeat","background-position":"center center","background-size":"auto","background-attachment":"scroll","background-type":"","background-media":"","overlay-type":"","overlay-color":"","overlay-opacity":"","overlay-gradient":""}},"_joinchat":[]},"product_brand":[],"product_cat":[20],"product_tag":[],"class_list":{"0":"post-459","1":"product","2":"type-product","3":"status-publish","4":"has-post-thumbnail","6":"product_cat-sfe","7":"desktop-align-left","8":"tablet-align-left","9":"mobile-align-left","11":"first","12":"instock","13":"shipping-taxable","14":"purchasable","15":"product-type-simple"},"_links":{"self":[{"href":"https:\/\/academiatronica.com\/index.php\/wp-json\/wp\/v2\/product\/459","targetHints":{"allow":["GET"]}}],"collection":[{"href":"https:\/\/academiatronica.com\/index.php\/wp-json\/wp\/v2\/product"}],"about":[{"href":"https:\/\/academiatronica.com\/index.php\/wp-json\/wp\/v2\/types\/product"}],"wp:featuredmedia":[{"embeddable":true,"href":"https:\/\/academiatronica.com\/index.php\/wp-json\/wp\/v2\/media\/460"}],"wp:attachment":[{"href":"https:\/\/academiatronica.com\/index.php\/wp-json\/wp\/v2\/media?parent=459"}],"wp:term":[{"taxonomy":"product_brand","embeddable":true,"href":"https:\/\/academiatronica.com\/index.php\/wp-json\/wp\/v2\/product_brand?post=459"},{"taxonomy":"product_cat","embeddable":true,"href":"https:\/\/academiatronica.com\/index.php\/wp-json\/wp\/v2\/product_cat?post=459"},{"taxonomy":"product_tag","embeddable":true,"href":"https:\/\/academiatronica.com\/index.php\/wp-json\/wp\/v2\/product_tag?post=459"}],"curies":[{"name":"wp","href":"https:\/\/api.w.org\/{rel}","templated":true}]}}